{"id":9,"date":"2026-04-02T13:15:41","date_gmt":"2026-04-02T13:15:41","guid":{"rendered":"https:\/\/studioframe.rs\/?page_id=9"},"modified":"2026-04-03T08:48:51","modified_gmt":"2026-04-03T08:48:51","slug":"about","status":"publish","type":"page","link":"https:\/\/studioframe.rs\/?page_id=9","title":{"rendered":"O nama"},"content":{"rendered":"\n<h2 class=\"wp-block-heading has-medium-font-size\" id=\"inspiro-is-a-digital-product-agency-that-focuses-on-strategy-and-design\" style=\"font-style:normal;font-weight:100\">Mi smo video produkcija koja pretvara ideje u sna\u017ene vizuelne pri\u010de. Od prve ideje do finalne monta\u017ee, pokrivamo ceo proces \u2013 snimanje, re\u017eiju, postprodukciju i kolor korekciju \u2013 sa fokusom na kvalitet, brzinu i kreativnost. Bilo da je u pitanju reklama, korporativni video ili sadr\u017eaj za dru\u0161tvene mre\u017ee, na\u0161 cilj je da va\u0161 brend izgleda vrhunski i ostavi jak utisak.<\/h2>\n\n\n\n<p><\/p>\n\n\n\n<p><\/p>\n\n\n\n<p><\/p>\n\n\n\n<h3 class=\"wp-block-heading has-large-font-size\" id=\"inspiro-is-a-digital-product-agency-that-focuses-on-strategy-and-desig\" style=\"font-weight:300\"><\/h3>\n\n\n\n<figure class=\"wp-block-embed alignwide is-type-video is-provider-vimeo wp-block-embed-vimeo wp-embed-aspect-16-9 wp-has-aspect-ratio\"><div class=\"wp-block-embed__wrapper\">\n<iframe loading=\"lazy\" title=\"FRAME REEL\" src=\"https:\/\/player.vimeo.com\/video\/1176667640?dnt=1&amp;app_id=122963\" width=\"950\" height=\"534\" frameborder=\"0\" allow=\"autoplay; fullscreen; picture-in-picture; clipboard-write; encrypted-media; web-share\" referrerpolicy=\"strict-origin-when-cross-origin\"><\/iframe>\n<\/div><\/figure>\n\n\n\n<div style=\"height:100px\" aria-hidden=\"true\" class=\"wp-block-spacer\"><\/div>\n","protected":false},"excerpt":{"rendered":"<p>Mi smo video produkcija koja pretvara ideje u sna\u017ene vizuelne pri\u010de. Od prve ideje do finalne monta\u017ee, pokrivamo ceo proces \u2013 snimanje, re\u017eiju, postprodukciju i kolor korekciju \u2013 sa fokusom na kvalitet, brzinu i kreativnost. Bilo da je u pitanju reklama, korporativni video ili sadr\u017eaj za dru\u0161tvene mre\u017ee, na\u0161 cilj je da va\u0161 brend izgleda &hellip; <\/p>\n<p class=\"link-more\"><a href=\"https:\/\/studioframe.rs\/?page_id=9\" class=\"more-link\">Read more<span class=\"screen-reader-text\"> &#8220;O nama&#8221;<\/span><\/a><\/p>\n","protected":false},"author":1,"featured_media":93,"parent":0,"menu_order":0,"comment_status":"closed","ping_status":"closed","template":"","meta":{"inspiro_hide_title":false,"footnotes":""},"class_list":["post-9","page","type-page","status-publish","has-post-thumbnail","hentry"],"featured_media_urls":{"thumbnail":["https:\/\/studioframe.rs\/wp-content\/uploads\/2026\/04\/footkao-Aleksandar-Carevic-150x150.jpg",150,150,true],"medium":["https:\/\/studioframe.rs\/wp-content\/uploads\/2026\/04\/footkao-Aleksandar-Carevic-300x200.jpg",300,200,true],"medium_large":["https:\/\/studioframe.rs\/wp-content\/uploads\/2026\/04\/footkao-Aleksandar-Carevic.jpg",768,512,false],"large":["https:\/\/studioframe.rs\/wp-content\/uploads\/2026\/04\/footkao-Aleksandar-Carevic-1024x683.jpg",950,634,true],"1536x1536":["https:\/\/studioframe.rs\/wp-content\/uploads\/2026\/04\/footkao-Aleksandar-Carevic-1536x1024.jpg",1536,1024,true],"2048x2048":["https:\/\/studioframe.rs\/wp-content\/uploads\/2026\/04\/footkao-Aleksandar-Carevic.jpg",1620,1080,false],"inspiro-featured-image":["https:\/\/studioframe.rs\/wp-content\/uploads\/2026\/04\/footkao-Aleksandar-Carevic.jpg",1620,1080,false],"inspiro-loop":["https:\/\/studioframe.rs\/wp-content\/uploads\/2026\/04\/footkao-Aleksandar-Carevic-950x320.jpg",950,320,true],"inspiro-loop@2x":["https:\/\/studioframe.rs\/wp-content\/uploads\/2026\/04\/footkao-Aleksandar-Carevic-1620x640.jpg",1620,640,true],"portfolio_item-thumbnail":["https:\/\/studioframe.rs\/wp-content\/uploads\/2026\/04\/footkao-Aleksandar-Carevic-600x400.jpg",600,400,true],"portfolio_item-thumbnail@2x":["https:\/\/studioframe.rs\/wp-content\/uploads\/2026\/04\/footkao-Aleksandar-Carevic-1200x800.jpg",1200,800,true],"portfolio_item-masonry":["https:\/\/studioframe.rs\/wp-content\/uploads\/2026\/04\/footkao-Aleksandar-Carevic-600x400.jpg",600,400,true],"portfolio_item-masonry@2x":["https:\/\/studioframe.rs\/wp-content\/uploads\/2026\/04\/footkao-Aleksandar-Carevic-1200x800.jpg",1200,800,true],"portfolio_item-thumbnail_cinema":["https:\/\/studioframe.rs\/wp-content\/uploads\/2026\/04\/footkao-Aleksandar-Carevic-800x335.jpg",800,335,true],"portfolio_item-thumbnail_portrait":["https:\/\/studioframe.rs\/wp-content\/uploads\/2026\/04\/footkao-Aleksandar-Carevic-600x900.jpg",600,900,true],"portfolio_item-thumbnail_portrait@2x":["https:\/\/studioframe.rs\/wp-content\/uploads\/2026\/04\/footkao-Aleksandar-Carevic-1200x1080.jpg",1200,1080,true],"portfolio_item-thumbnail_square":["https:\/\/studioframe.rs\/wp-content\/uploads\/2026\/04\/footkao-Aleksandar-Carevic-800x800.jpg",800,800,true]},"_links":{"self":[{"href":"https:\/\/studioframe.rs\/index.php?rest_route=\/wp\/v2\/pages\/9","targetHints":{"allow":["GET"]}}],"collection":[{"href":"https:\/\/studioframe.rs\/index.php?rest_route=\/wp\/v2\/pages"}],"about":[{"href":"https:\/\/studioframe.rs\/index.php?rest_route=\/wp\/v2\/types\/page"}],"author":[{"embeddable":true,"href":"https:\/\/studioframe.rs\/index.php?rest_route=\/wp\/v2\/users\/1"}],"replies":[{"embeddable":true,"href":"https:\/\/studioframe.rs\/index.php?rest_route=%2Fwp%2Fv2%2Fcomments&post=9"}],"version-history":[{"count":4,"href":"https:\/\/studioframe.rs\/index.php?rest_route=\/wp\/v2\/pages\/9\/revisions"}],"predecessor-version":[{"id":92,"href":"https:\/\/studioframe.rs\/index.php?rest_route=\/wp\/v2\/pages\/9\/revisions\/92"}],"wp:featuredmedia":[{"embeddable":true,"href":"https:\/\/studioframe.rs\/index.php?rest_route=\/wp\/v2\/media\/93"}],"wp:attachment":[{"href":"https:\/\/studioframe.rs\/index.php?rest_route=%2Fwp%2Fv2%2Fmedia&parent=9"}],"curies":[{"name":"wp","href":"https:\/\/api.w.org\/{rel}","templated":true}]}}